7*k**2 + 2*k + 4. Let i be v(7). Suppose 4*z - 110 + i = 0. Let q = 102 - z. What are the prime factors of q?
79
Suppose -10*p + 14*p - 132 = 0. Let n = p + -27. What are the prime factors of (3 - n/15*5)*141?
3, 47
Suppose -4*y = -0*q + 2*q - 48, 74 = 3*q + 5*y. Let j = 34 - q. Suppose -106 = 5*m - j*m. List the prime factors of m.
2, 53
Suppose -50*u = -203*u + 1118277. List the prime factors of u.
7309
Suppose -o - 122 = 4*c + 22, -5*c + 2*o - 180 = 0. Let d be (-96)/c*42/4. Let l = -10 + d. List the prime factors of l.
2, 3
Suppose -9*u = -2026 - 1538. What are the prime factors of u?
2, 3, 11
Let a(q) = 0 - 14 + 54 - 5*q. Let w be a(11). List the prime factors of (6/w)/((5/550)/(-1)).
2, 11
Suppose -21*d + 17*d = -1384. Suppose l - 48 - d = 0. What are the prime factors of l?
2, 197
Suppose -2*d - 5*g - 10 = 0, -17 - 3 = 5*g. Suppose 0 = -5*p + 3*p + 4. Suppose 0 = a - d*n - 15, -p*a - n + 165 = 2*a. List the prime factors of a.
2, 5
What are the prime factors of (-33 - -1 - -27)*67948/10*-1?
2, 16987
Suppose -4 = -p, 213*t + 10554 = 215*t - 3*p. List the prime factors of t.
3, 587
Suppose -x = -5*x + 2*f + 22, f = x - 5. Let c(h) = 7*h**2 - 30*h - 31. Let k be c(5). List the prime factors of (-63)/k*(50/x - -1).
2, 7
List the prime factors of (18/(-7) - (-16)/28) + 14241.
29, 491
Suppose 3*z = -4*m + 3*m + 2672, 5*z + 5432 = 2*m. What are the prime factors of m?
2, 337
Let r(m) = 6176*m - 683. List the prime factors of r(6).
36373
Let t = 218 + -211. Suppose 0 = -4*v + t*x - 9*x + 1400, -2*v + 2*x = -712. What are the prime factors of v?
2, 11
Let t be 27/18*4/3. What are the prime factors of ((-5664)/160)/(t/(-10))?
3, 59
Let v = 14 - 9. Suppose -14 = -v*u + 1436. What are the prime factors of u?
2, 5, 29
Let t(y) = 5*y**2 - 3*y. Let q be t(2). Suppose 66 = 11*a - q*a. Let v(b) = -15*b - 75. List the prime factors of v(a).
3, 5, 17
Suppose 18 = -0*b - 3*b. Let c(u) = -3*u - 16. Let l be c(b). Suppose 4*d = -0*f + f + 242, -l*d = -2*f - 124. List the prime factors of d.
2, 3, 5
Let m(n) = n**2 - 14*n + 10. Let a be m(9). Let v = 55 + a. Suppose -w + 0*w = -4*g - 61, -v = 5*g. What are the prime factors of w?
3, 5
Suppose 5*v = -3*y - y + 13, -3*v - 7 = -5*y. Suppose y - 2 = 3*g. Suppose g = 4*x - 5*s - 492, -2*x + s + 246 = -0*x. List the prime factors of x.
3, 41
Let u(v) = 4*v**2 - 16. Suppose -3*s + 8*s + 5*b - 10 = 0, 3*b - 10 = s. Let p be (-12)/(-3) + 11/s. What are the prime factors of u(p)?
2, 3, 5
Suppose -510 = -24*g + 23*g. List the prime factors of g/7 + 9/63.
73
Let t(z) = z**2 - 8*z - 33. Let w be t(-5). Suppose w*v - 59523 = -22499. What are the prime factors of v?
13, 89
Suppose -8*w + 450 = -13*w. Let u be 4/(4/6*(-27)/w). Suppose 2*l - 2*r - 304 - u = 0, 5*r = 2*l - 309. List the prime factors of l.
167
Suppose -5 = -5*j - 5*y, -5*j + 4*y = 2*y - 12. Suppose 4*v = j*c - 648, 0*v - 960 = -3*c + 2*v. What are the prime factors of c?
2, 3, 53
Let m = 59 - 49. Let z(o) = -o**3 + 10*o**2 + 42*o - 23. What are the prime factors of z(m)?
397
Suppose 0 = -6*x - 5*x - 88. Let f(m) = m**2 + m. Let s be f(x). Suppose -r = r - s. What are the prime factors of r?
2, 7
Let r(g) = -2*g**2 + 21*g - 49. Let n be r(4). Suppose n*y - 2*y = 3*q + 1367, 6835 = 5*y - 4*q. List the prime factors of y.
1367
Suppose -5*f = 6*r - 4*r - 1518, 0 = 3*f + 3*r - 909. Let z = f - 147. Suppose -l + z = -3*h + 4*h, -4 = -4*h. What are the prime factors of l?
2, 3, 13
Let q(o) = -o**2 - 19*o - 3. Let v(k) = 3*k**2 + 75*k + 12. Let h(a) = -9*q(a) - 2*v(a). List the prime factors of h(-15).
3, 11
Suppose 7 = 1062*h - 1061*h. Suppose -x - h*x + 11472 = 0. List the prime factors of x.
2, 3, 239
Let r(u) = -2*u**3 - 2*u**2 + 7*u + 2. Let b be (2/(-3))/(12/234). Let c = b - -10. What are the prime factors of r(c)?
17
Let o(d) = -d**3 + 2*d**2 + d + 1. Let n(t) = -4*t**3 - 7*t**2 + 19*t - 9. Let m(c) = -n(c) + 3*o(c). What are the prime factors of m(-11)?
2, 5, 43
What are the prime factors of (414 + -421)*-1*2*(-7461)/(-6)?
3, 7, 829
Let g be 4*2/(2/1). Suppose 0 = -69*w + 72*w - 21. Let q = w + g. What are the prime factors of q?
11
Suppose -14549 = -3*g + 7087. What are the prime factors of g?
2, 3, 601
Let y(r) = -r**2 - 30*r - 45. Let x be y(-19). Suppose 157*m - x*m + 3409 = 0. What are the prime factors of m?
487
Let y(z) = 17*z**3 - 23*z**2 + 4*z - 116. List the prime factors of y(9).
2, 5, 11, 19
Suppose 2*w = -5*i + 2922, 0 = -2*i - 16*w + 17*w + 1167. What are the prime factors of i?
2, 73
Let x(o) = 2*o**2 + 17*o + 16. Suppose -17*k + 22*k + 51 = 3*a, -4*k + 3*a = 39. What are the prime factors of x(k)?
2, 5
Suppose 4*m + 34 = -2*n, n - 5*m = -3*m + 3. Let w be 3 + n + 2 + -35. Let v = w + 47. What are the prime factors of v?
2, 5
Let h be (-376 - 7) + 0/(-2). Let x = -165 - h. List the prime factors of x.
2, 109
Suppose 6*z - 154 = 17*z. List the prime factors of -2*(-230 + z + (-2 - -6)).
2, 3, 5
Let j be ((-15)/30)/((-1)/(-2)). What are the prime factors of (-36 - -40)*(27 + j)?
2, 13
Suppose 0 = -3*t + 3*n + 14967, -74*t = -77*t + 2*n + 14975. What are the prime factors of t?
19, 263
Let a(d) be the third derivative of d**5/60 - d**4/8 + 3*d**3/2 - 53*d**2. What are the prime factors of a(25)?
13, 43
Suppose 36*l + 3 = 363. Suppose -3*h = 2*z - 2963, -l*z + h = -12*z + 2957. What are the prime factors of z?
7, 211
Let q(m) = -m + 6 - m**2 + m - m + 0*m. Let u be q(-3). Suppose 5*g - 262 - 18 = u. List the prime factors of g.
2, 7
Suppose -420 = -10*u - 380. Suppose 3*n + 4678 = u*j, 5*j - j = 4*n + 4680. List the prime factors of j.
2, 73
Let o(v) = 10*v - 36. Let s(h) = -5*h + 18. Let f(m) = -6*o(m) - 11*s(m). Let w(l) = 1. Let c(b) = 2*f(b) - 6*w(b). What are the prime factors of c(-5)?
2, 5
Let y be ((-95)/(-38))/(10/4). List the prime factors of 688/y + (14 - 21).
3, 227
Let l(k) = -17*k + 68. Let p be l(4). Let q be (-2 - 381/(-3)) + 0. Suppose -g + p*g = -q. What are the prime factors of g?
5
Suppose -9*m + 13*m + 3*w - 17350 = 0, 0 = 5*m - 6*w - 21629. List the prime factors of m.
7, 619
Let r = -491 + 493. Suppose -5*b + r*b = -1077. List the prime factors of b.
359
Suppose 0*s - 384 = -4*s. Let z = 24 - 19. List the prime factors of (-2 - s)*(-6 + z).
2, 7
Let q be (4 + 2)/(-2) + 15 + -1. Suppose q*d = 14*d - 258. Let m = 162 - d. List the prime factors of m.
2, 19
Suppose -13*c + 16*c = -15. Let n(z) = z**3 + 7*z**2 + 12*z + 10. Let h be n(c). Suppose -3*w + 6 = h, 2*o - 6*o + 536 = -2*w. What are the prime factors of o?
3, 5
Let f be -13*(-3 + -387)*(-100)/(-6). List the prime factors of f/117 + (-4)/18.
2, 19
Let d be 90/3*(-10)/(-5). What are the prime factors of ((-5)/(d/(-8)))/(3/513)?
2, 3, 19
Let w(s) = 14*s + 2. Let f be w(0). Suppose 22 + 604 = f*r. List the prime factors of r.
313
Let c be (10 - 15) + 10 + 2 + -4. Suppose -c*t = 4*t - 2667. What are the prime factors of t?
3, 127
Let t(w) = 74*w**2 - 20*w - 58. List the prime factors of t(-14).
2, 37, 199
Let w be (-49 - -50) + (0 - 0). Let j = w - -412. List the prime factors of j.
7, 59
Let d(f) = f**3 - 23*f**2 - 40*f + 232. List the prime factors of d(27).
2, 11, 47
Let t(j) = 6*j**2 + j. Let f be t(-2). Suppose 3*g = f - 16. Suppose -5*v - 455 = -2*p, 923 = 2*p + g*p + 3*v. What are the prime factors of p?
2, 5, 23
Let n(q) = 90*q + 4. Let m be n(-8). Let o = 1638 + m. List the prime factors of o.
2, 461
What are the prime factors of (-32680)/(-129)*54/10?
2, 3, 19
List the prime factors of 2516/(-170)*(-530)/4.
37, 53
Let a be ((87/(-4))/(-1))/((-70)/(-15960)). Suppose 91*p - a = 82*p. What are the prime factors of p?
19, 29
Let k = 65627 - 44227. What are the prime factors of k?
2, 5, 107
Suppose -3*c = 16*o - 14*o - 658, 0 = 2*c + 5*o - 424. Let j = c + 235. List the prime factors of j.
457
Let h be -17*12*-3*(-8)/(-12). Suppose 22*z - h = 21*z - 2*g, -5*z + 2066 = -3*g. List the prime factors of z.
2, 103
Let d = -1271 + 8469. What are the prime factors of d?
2, 59, 61
Let u(v) be the first derivative of v**4/4 + 8*v**3/3 + 5*v**2/2 - 8*v + 47. Let i be u(-7). List the prime factors of 345/40 - i/(-16).
3
Suppose -882*z + 99443 = -823*z - 832344. What are the prime factors of z?
17, 929
Let s(f) = 2229*f + 3207. List the prime factors of s(28).
3, 23, 317
Let u 